7
Suppose -47*l = 44*l - 25*l - 1064976. What are the prime factors of l?
2, 2017
Let v(n) = n**3 + 3*n**2 - 12*n - 10. Let h be v(-5). Suppose -4*d - d + 1550 = h. Suppose 0 = 5*l + 4*g - 530, l + 4*g = -2*l + d. List the prime factors of l.
2, 5, 11
Suppose -140*y + 83*y + 1670670 = 0. List the prime factors of y.
2, 3, 5, 977
Let n(x) = 2*x**2 + 0*x**3 - 3*x**2 + x**3 - 1 - 9 + 3*x. List the prime factors of n(3).
17
Let s be 150/4*6*(-7)/(-63). Suppose 0 = 18*d - s*d + 301. What are the prime factors of d?
43
Let f = -212 + 214. What are the prime factors of ((-2788)/6)/((-7)/(21/f))?
17, 41
Let j be -22*61/(-2) + -6. Let s = -363 + j. List the prime factors of s.
2, 151
What are the prime factors of (-1)/(-9) - -956*(-11970)/(-324)?
3, 61, 193
Let a = 106 + -59. Let g = 135 - a. Suppose -4*i + g = -304. What are the prime factors of i?
2, 7
Let b be 2*(-5)/(-4)*50. Let p(k) = -k**2 - 2*k + 30. Let r be p(-10). Let m = r + b. What are the prime factors of m?
3, 5
Let q = 608 - -916. Suppose 14*s = 2*s + q. Suppose -7*u = -475 - s. What are the prime factors of u?
2, 43
Let y(r) = 16 - 14 + 22*r**2 - 7 + 4*r. Let q be y(-5). Suppose -4*s + q = -67. List the prime factors of s.
2, 37
List the prime factors of (-869643)/(-21) + (5/(-20) - 117/364).
41411
Let k(g) = -4*g**3 - 23*g**2 - 24*g + 33. Let b(p) = -3*p**3 - 24*p**2 - 23*p + 31. Let c(a) = 5*b(a) - 4*k(a). What are the prime factors of c(29)?
313
Let j(f) = 39*f**3 + 3*f**2 + 27*f - 68. List the prime factors of j(6).
2, 19, 227
Let b = 84 + -79. Suppose -b*z - 2*d + 556 = -4*d, -5*z + 562 = d. Suppose 83 + z = 5*k. What are the prime factors of k?
3, 13
Suppose 6*q = 3*q + 66. Let m(d) = 2*d - q + 2*d - 9. List the prime factors of m(19).
3, 5
Let k(x) = x**2 + 9*x + 20. Let r be k(5). Suppose j = -12 + r. List the prime factors of j.
2, 3, 13
Let t(k) = k**3 - 3*k**2 - 4*k + 2. Let d be (4/6)/(-4 - 13/(-3)). Suppose 0 = -d*u + 8*u - 36. What are the prime factors of t(u)?
2, 43
Suppose 2*t - 4*m + 595 = -17, -3*t = 3*m + 909. Let h = 637 + t. List the prime factors of h.
3, 37
Let n = 93 + -90. Let q(a) = 14*a**3 - 3*a**2 + 11*a - 11. What are the prime factors of q(n)?
373
Let h(t) = -t**2 + 4*t + 14. Let a be h(10). Let j = a - -44. List the prime factors of 37/(j + 1 - -2).
37
Let o be ((-273)/(-105))/((-3)/(-510)). Let w(n) = n**3 - 4*n**2 + 1. Let i be w(3). List the prime factors of (i/(-12))/(1 - o/444).
2, 37
Suppose 18*r - 85000 = -29326. What are the prime factors of r?
3, 1031
What are the prime factors of 1/((-1)/5) + -180 + 6138?
5953
Let r be 5/2 + (-3522)/(-12). Suppose r = -2*t - n - 319, 0 = 3*n - 15. List the prime factors of (t/(-15) + 0)*3/2.
31
Suppose 8*l = 20*l - 35952. Let o = -1781 + l. What are the prime factors of o?
3, 5
Let f be 711*((-135)/(-125) - 6/75). Suppose 5*r - 3565 = -5*m, -31*m = -r - 33*m + f. What are the prime factors of r?
5, 11, 13
Let f(h) = h**3 - 5*h**2 + 3*h + 3. Let a be f(4). Suppose -105*g = -112*g + 35. What are the prime factors of (2*28 - a) + (g - 5)?
3, 19
Suppose -5*t + 5*z = -105, -t + 51 = 3*z + 2*z. Let h = -68 - -59. Let f = t - h. List the prime factors of f.
5, 7
Suppose -5*d - 92 - 48 = 0. Let b be 154/(-6) + d/(-42). What are the prime factors of (-55)/(-2)*(-10)/b?
11
Let z = -2824 - -10522. What are the prime factors of z?
2, 3, 1283
Let h(a) = 4 - 55*a + 18 - 52 - 104 - 70. What are the prime factors of h(-24)?
2, 3, 31
Suppose -m + 0*m + 3*p - 1119 = 0, -2*m + 3*p = 2223. Let f = -568 - m. What are the prime factors of f?
2, 67
Let w(u) = -2*u**3 - 32*u**2 + 71*u - 31. Let v be w(-18). Suppose 3*d - 144 + 18 = 0. Let f = d + v. List the prime factors of f.
29
Let r(h) = -203*h + 4. Let v(q) = 200*q - 3. Let s(z) = -4*r(z) - 3*v(z). List the prime factors of s(2).
3, 139
Let z be 3/(-9) + 8463/9 + 0. Suppose 180 = 4*p + z. List the prime factors of (-3 - -2)/(1/p).
2, 5, 19
Let d(b) = b**3 - 57*b**2 - 89*b - 569. What are the prime factors of d(60)?
67, 73
Let h = -725 - -3259. Suppose 3*c = -5*b + 3169, 0 = -4*b - 21*c + 19*c + h. List the prime factors of b.
2, 79
Let u(r) = 16*r + 3. Let k(q) = -29*q - 7. Let i(x) = -3*k(x) - 5*u(x). Suppose -5*l - 19 = -49. List the prime factors of i(l).
2, 3
Suppose 2*q + 11*q - 313596 = -5*q. What are the prime factors of q?
2, 31, 281
Let w = 22614 - 11049. List the prime factors of w.
3, 5, 257
Let b = 34 - 34. Suppose v - 81 - 18 = b. Let u = 158 - v. What are the prime factors of u?
59
Let v(o) = -o**3 - 26*o**2 + 29*o + 54. Let c be v(-27). Suppose -2*y + 11*y + 900 = c. Let j = y + 156. List the prime factors of j.
2, 7
Let c = 110 - 202. Let p = 1895 - 1648. Let x = p + c. What are the prime factors of x?
5, 31
What are the prime factors of (-193 + 181)*(-1401)/(-2)*(-8)/6?
2, 3, 467
Suppose -64*r + 58*r = 1116. Let q = r - -422. List the prime factors of q.
2, 59
Let d = 965 + -965. Suppose d = -22*g - 24*g + 73186. List the prime factors of g.
37, 43
Suppose -8*z + 455 = -41. Let d = 172 + z. List the prime factors of d.
2, 3, 13
Let p = 639 + -635. What are the prime factors of (26/p + -6)/((-3)/(-7704))?
2, 3, 107
Let p = 11082 + -2461. List the prime factors of p.
37, 233
Let h(i) = 949*i**2 + 21*i + 11. What are the prime factors of h(5)?
3, 883
Let b = 5229 - 5096. List the prime factors of b.
7, 19
Let o(c) = -c**3 - 22*c**2 - 20*c - 39. Let v be o(-21). Let f = 336 - v. What are the prime factors of f?
2, 3, 11
Let r = 7945 + -3000. What are the prime factors of r?
5, 23, 43
Let p(r) = -5*r - 21. Suppose -2*a = 2*a + 2*y - 168, -4*y - 84 = -2*a. Suppose 0 = 5*b - s + 94, 2*b + s + a = -3*s. What are the prime factors of p(b)?
2, 37
Let g(d) = 96*d**3 + 9*d**2 + 4*d - 27. List the prime factors of g(7).
2, 5, 47, 71
Let w(b) = b + 10. Let r be w(-5). Suppose 4*y = -3*o + 6*y + 25, -5 = 4*o + r*y. Suppose -o*q = -222 - 1068. What are the prime factors of q?
2, 3, 43
What are the prime factors of -1752*(8/(-18))/((-12)/(-126))?
2, 7, 73
Suppose 4*f + 88648 = 4*c, 55*c = 52*c + 5*f + 66500. List the prime factors of c.
3, 5, 7, 211
Suppose -95*t + 129*t - 311746 = 0. List the prime factors of t.
53, 173
Let c(o) = 10*o**2 + 19*o + 6. Let d be c(-13). Suppose -y + 6*g = 4*g - 486, -3*y + 3*g = -d. List the prime factors of y.
2, 3, 5
Let l = -33 + 35. Suppose -4*t + 5 + 0 = -q, -l*t = -q - 3. What are the prime factors of (q/1)/(-4) - (-1335)/20?
67
Let b be (1/3)/(7/3318). Suppose 19*y - 146 - b = 0. List the prime factors of y.
2
Suppose -7 = 8*n - 31. Suppose 0 = 3*b + 4*f - 1113, 4*b - 3*b + n*f - 366 = 0. What are the prime factors of b?
3, 5
Let x = -277 + 229. Let i = 174 + x. What are the prime factors of i?
2, 3, 7
Let k = -2696 + 3936. Let r = k - 740. Suppose 2*y = 7*y - r. What are the prime factors of y?
2, 5
Suppose 2*a + 336 = 2*q, -3*q + 3*a - 8*a + 504 = 0. Let s(m) = m - 2. Let n be s(4). What are the prime factors of (q/10 - n)/((-6)/(-60))?
2, 37
Let b = 15361 + -7566. What are the prime factors of b?
5, 1559
Let b = -27 + 28. What are the prime factors of (-38*b - -2)/(4/(-32))?
2, 3
Suppose 4*l - 10 = -y - 0*l, 5*y = -3*l + 16. Suppose a = c - 9 - 2, -y*c = -3*a - 25. Suppose 7*q - c*q = -138. What are the prime factors of q?
2, 3, 23
Let s = -43 - 17. Let l = 51 + s. Let y = 3 - l. List the prime factors of y.
2, 3
Suppose 44 = 6*f + 14. List the prime factors of ((-10525)/15)/(-5)*(f + -2).
421
Let b(q) = -19*q - 9. Let m be b(-6). Let z = -163 - -119. Let g = m + z. List the prime factors of g.
61
Let m(k) = 342*k + 307. List the prime factors of m(3).
31, 43
Suppose -10*s = -8*s + 1612. Let w = s + 1824. What are the prime factors of w?
2, 509
Suppose 286504 = -18*h + 11*h + 15*h. What are the prime factors of h?
59, 607
Suppose 4*x = 8, -2*m - 5*x = 13 - 121. Let i = 48 - m. Let l(q) = -106*q**3 + q. List the prime factors of l(i).
3, 5, 7
Let l = -33888 + 98393. List the prime factors of l.
5, 7, 19, 97
Suppose 2*b - 4*z = 6, -4*z + 5*z + 4 = 3*b. Let p(r) = 212*r**2 - 5*r - 1. What are the prime factors of p(b)?
2, 103
Let j(s) = -6116*s + 4. Let f be j(-1). Suppose 29*r + f = 46*r. List the prime factors of r.
2, 3, 5
What are the prime factors of -3 - (836112/32)/((-3)/4)?
5, 6967
Let n = 383 + -413. What are the prime factors o